 + -11?
-231
In base 12, what is 72 - -4?
76
In base 2, what is 101 + -1110100?
-1101111
In base 4, what is 320 - 321?
-1
In base 6, what is -10215 - 0?
-10215
In base 4, what is 10 + -20?
-10
In base 9, what is -1 + -30?
-31
In base 3, what is -10021010 + -1?
-10021011
In base 13, what is 2a81 + 3?
2a84
In base 7, what is 1 - 366?
-365
In base 4, what is -10033 - 110?
-10203
In base 8, what is -2274 - -3?
-2271
In base 4, what is -3 - -10100?
10031
In base 10, what is 151 - 0?
151
In base 9, what is -65 - -11?
-54
In base 8, what is 4 - 27?
-23
In base 7, what is 5516 + -2?
5514
In base 9, what is -5 - 585?
-601
In base 6, what is 1 + 151?
152
In base 6, what is -4310 - 4?
-4314
In base 4, what is 3123123 + 0?
3123123
In base 16, what is -7f5 - -1?
-7f4
In base 4, what is -3 + -310?
-313
In base 8, what is -323 - 153?
-476
In base 13, what is cc9 + 4?
1000
In base 11, what is 15 + 65?
7a
In base 9, what is 32 + -155?
-123
In base 9, what is -15 + 1?
-14
In base 8, what is -2 + 3101?
3077
In base 11, what is -103 - 16?
-119
In base 3, what is 20122 - -110?
21002
In base 10, what is 456 - 6?
450
In base 5, what is 13 + -42?
-24
In base 3, what is 10022 + 21?
10120
In base 2, what is -1 + -110?
-111
In base 2, what is -1000100011 - -1001?
-1000011010
In base 10, what is -37 - -47?
10
In base 16, what is 4c + 7?
53
In base 4, what is -3 - -121022?
121013
In base 9, what is 33877 - -1?
33878
In base 16, what is 9 - -3?
c
In base 8, what is 23 + 17?
42
In base 2, what is 110100000 - -100?
110100100
In base 9, what is 1 + 2084?
2085
In base 6, what is -5 - 24535?
-24544
In base 4, what is 20131 - 11?
20120
In base 14, what is -50aa + 2?
-50a8
In base 10, what is 4 + 40?
44
In base 8, what is -5 + -1236?
-1243
In base 13, what is 205 + 1?
206
In base 8, what is -17 + -4?
-23
In base 4, what is 212011 - 2?
212003
In base 4, what is -11 - -1030?
1013
In base 13, what is -b564 + 0?
-b564
In base 7, what is -4 - -116?
112
In base 12, what is 11 - 593?
-582
In base 14, what is -3 + 58?
55
In base 7, what is -5 + -1010?
-1015
In base 8, what is 13 - -30?
43
In base 5, what is -4 - 1141?
-1200
In base 7, what is 4 + -300?
-263
In base 2, what is 1000011011111 - 10?
1000011011101
In base 5, what is -21423 + -2?
-21430
In base 11, what is -157 + 5?
-152
In base 9, what is 2 + 236?
238
In base 8, what is -407 - 1?
-410
In base 15, what is -5 + -57e?
-584
In base 7, what is 203 + 3?
206
In base 3, what is -10 - -101?
21
In base 2, what is -110100011 - -1?
-110100010
In base 2, what is -11000 - 110?
-11110
In base 15, what is 1 + -7?
-6
In base 11, what is 82 + -91?
-a
In base 8, what is 1 + -73?
-72
In base 2, what is -1110 - 1111?
-11101
In base 10, what is -364 + 3?
-361
In base 3, what is 12 + 1100?
1112
In base 15, what is ad - -5?
b3
In base 16, what is -a5f - 2?
-a61
In base 7, what is 1551 - 3?
1545
In base 13, what is -4 + -659?
-660
In base 12, what is 5 - -166?
16b
In base 5, what is 3122 + -4?
3113
In base 15, what is -95aa - -2?
-95a8
In base 15, what is -c - -14?
7
In base 7, what is 11 + 415?
426
In base 15, what is 2 - 24d5?
-24d3
In base 4, what is -210322 + -3?
-210331
In base 12, what is -854 + 5?
-84b
In base 15, what is -5 - 2d?
-33
In base 6, what is 0 - 203?
-203
In base 5, what is 10 - 1101?
-1041
In base 16, what is -4 - 5d4?
-5d8
In base 16, what is 4 + -4e?
-4a
In base 3, what is -121 - -1020221?
1020100
In base 6, what is -2 - -2030?
2024
In base 6, what is 2 - 1?
1
In base 7, what is -15 - -32?
14
In base 15, what is 4e - 15?
39
In base 13, what is -b6c + -c?
-b7b
In base 8, what is 17 + -16?
1
In base 16, what is -2 + -68?
-6a
In base 2, what is -10011100 - 101100?
-11001000
In base 16, what is 2281 - 1?
2280
In base 4, what is 10 - -13030?
13100
In base 12, what is b1 - 5?
a8
In base 16, what is ab2 - 5?
aad
In base 13, what is -ba3 + -2?
-ba5
In base 13, what is 778 - a?
76b
In base 3, what is 100000200 - 12?
100000111
In base 4, what is -23 + 202?
113
In base 16, what is -14d + e?
-13f
In base 13, what is -2 - -122?
120
In base 8, what is 1721 - -6?
1727
In base 2, what is -11 + 11000001010?
11000000111
In base 3, what is 12222 - 12?
12210
In base 3, what is 12111 - 20?
12021
In base 13, what is -1 + 161?
160
In base 6, what is 4 - 35?
-31
In base 2, what is -1001011 + -100010?
-1101101
In base 12, what is 4 - -35?
39
In base 3, what is -1222 + 2220?
221
In base 8, what is 23 - 7?
14
In base 9, what is 1607 + 2?
1610
In base 16, what is ea8 + 2?
eaa
In base 7, what is -333 + -5?
-341
In base 15, what is 50 - 4e?
1
In base 10, what is -47 + 95?
48
In base 10, what is -72 - -2?
-70
In base 12, what is 799 - 0?
799
In base 7, what is 30 - -220?
250
In base 9, what is 453 + -10?
443
In base 8, what is 5 + 64?
71
In base 14, what is -692 - -4?
-68c
In base 10, what is -23 - -97?
74
In base 3, what is 1120 - -11?
1201
In base 4, what is 11 - 220?
-203
In base 16, what is -2 - -38c?
38a
In base 14, what is 13a8 + 5?
13ad
In base 9, what is 26 - -8?
35
In base 16, what is -457e - 2?
-4580
In base 7, what is 3 - -23556?
23562
In base 9, what is -40301 - 0?
-40301
In base 9, what is 26 - 104?
-67
In base 3, what is -21 - -10222?
10201
In base 2, what is -101 + -10011000010?
-10011000111
In base 5, what is -1 - 210?
-211
In base 12, what is -5 + -2640?
-2645
In base 3, what is 1 + 12010?
12011
In base 12, what is -b + -3a7?
-3b6
In base 3, what is -221 - -110201?
102210
In base 4, what is -100122 + -111?
-100233
In base 10, what is -30 - -29?
-1
In base 6, what is -1 - 1242?
-1243
In base 14, what is 7a - -4?
80
In base 5, what is -13 + -1334?
-1402
In base 9, what is -762 + 4?
-757
In base 14, what is -1d - d?
-2c
In base 6, what is 323 - -3?
330
In base 7, what is 61 - -122?
213
In base 12, what is 2050 + 1?
2051
In base 16, what is -5c - -1f?
-3d
In base 15, what is -2 - 8?
-a
In base 16, what is -4 + -2c?
-30
In base 2, what is 0 - 11100000001?
-11100000001
In base 9, what is 0 - 64?
-64
In base 9, what is -3 + 42?
38
In base 16, what is 4 - -554?
558
In base 7, what is -1004 + -3?
-1010
In base 14, what is 27 - 36?
-d
In base 4, what is 2012 - -11?
2023
In base 2, what is -1011110111111 - -10?
-1011110111101
In base 6, what is -20330 + 4?
-20322
In base 14, what is 4a - 7?
43
In base 14, what is 4 + -72b?
-727
In base 8, what is 1110 + -1?
1107
In base 15, what is 437 + 5?
43c
In base 16, what is 5 + 35?
3a
In base 2, what is 10101101001 - 1101?
10101011100
In base 2, what is -110101110 + 1100?
-110100010
In base 2, what is -11100000 - -101?
-11011011
In base 13, what is 6b - 20?
4b
In base 9, what is 5 - 126?
-121
In base 4, what is 113 - 33?
20
In base 14, what is -20 - 4d?
-6d
In base 7, what is 4660 - -11?
5001
In base 8, what is 32 - 5?
25
In base 4, what is 1113233 - -10?
1113303
In base 6, what is -124300 - -1?
-124255
In base 15, what is -21 + -ba?
-db
In base 16, what is 2e - -3?
31
In base 15, what is -262 + 5?
-25c
In base 3, what is -21021 - -1?
-21020
In base 2, what is 10100111 + -1011?
10011100
In base 16, what is -75 + 4?
-71
In base 7, what is -100 + -256?
-356
In base 3, what is 10 + 111121?
111201
In base 5, what is 4330 + 4?
4334
In base 6, what is -133 - -44?
-45
In base 3, what is -1002200 + -12?
-1002212
In base 11, what is 27 - 11?
16
In base 10, what is 252 + -5?
247
In base 7, what is -63 + 4?
-56
In base 10, what is 91 + -5?
86
In base 2, what is 1 - -110001000?
110001001
In base 11, what is 16a + -3?
167
In base 3, what is 1110110 - 10?
1110100
In base 5, what is -1301 - -10?
-1241
In base 5, what is 0 - 230?
-230
In base 12, what is -1165 - 0?
-1165
In base 6, what is 1 + -54?
-53
In base 6, what is 5 + -25330?
-25321
In base 10, what is -2 - 648?
-650
In base 4, what is -11 + 1320?
1303
In base 13, what is -5 + -47?
-4c
In base 11, what is -5 - -3?
-2
In base 6, what is -12 - 21543?
-21555
In base 11, what is -24 + 397?
373
In base 9, what is 28 + -4?
24
In base 6, what is -4345 + -5?
-4354
In base 3, what is -1222011001 - 2?
-1222011010
In base 5, what is -23 - -2021?
1443
In base 3, what is -1010 - 0?
-1010
In base 12, what is 3 + 22?
25
In base 15, what is -4 + -134?
-138
In base 13, what is 2 - -2a1?
2a3
In base 2, what is 10101 - -1100101?
1111010
In base 10, what is -443 + 7?
-436
In base 15, wh